 What is the tens digit of v(y)?
5
Let f(x) be the first derivative of 30*x**3 + 6*x**2 - 20*x + 139. What is the hundreds digit of f(4)?
4
Let i(d) = 12*d**2 + 21*d - 13. Let w be i(-10). Suppose 0*l + 5*j + 1210 = 5*l, -j - w = -4*l. What is the hundreds digit of l?
2
Let g(h) = 2302*h + 2152. What is the ten thousands digit of g(26)?
6
Suppose 20*w + 21*w = 35*w. Suppose 5*d - 5 = w, -n + 97 = n - 5*d. What is the tens digit of n?
5
Suppose 142*q = 145*q - 6360. What is the tens digit of q?
2
Let h = 45324 + -19432. What is the units digit of h?
2
Suppose 9*k = 3*k + 162. Suppose 0 = -4*f + k - 11. Suppose -4*r = -2*r - f. What is the units digit of r?
2
Let o(y) = 50*y**3 - y**2 + 3*y - 2. Suppose 8*a - 2 = 7*a. Let g be (-3)/(-4) - -2*a/16. What is the tens digit of o(g)?
5
Suppose 33 = -4*r - 27. Let z = r - -17. Suppose -y - z*y + 168 = d, -891 = -5*d + 2*y. What is the hundreds digit of d?
1
Let w = -16721 + 26366. What is the tens digit of w/13 + 3/39?
4
Let a = -1577 + 15237. What is the tens digit of a?
6
Let m(l) be the third derivative of l**6/120 - 3*l**5/20 - l**4/4 - 4*l**3/3 - 2*l**2 + 7. What is the hundreds digit of m(11)?
1
Suppose -26*v + 24534 + 1464278 = 0. What is the thousands digit of v?
7
Suppose 3*a = 2*a + 5. Let x be (32/a + (-2)/5)/(-1). What is the tens digit of (-282)/(-9)*x/(-4)?
4
Let v(d) = 1952*d - 57. What is the thousands digit of v(10)?
9
Let h(c) = 3*c**2 - 4*c - 35. Let f(t) = 7*t**2 - 9*t - 70. Let i(z) = 2*f(z) - 5*h(z). What is the units digit of i(0)?
5
Suppose 56*q = 63*q - 14. Suppose 0 = 4*v - q*v - 50. What is the units digit of v?
5
Suppose 956*b - 939*b - 422484 = 0. What is the ten thousands digit of b?
2
Let v(l) = 474*l - 800. What is the units digit of v(19)?
6
Suppose -10*t = -762418 - 10662. What is the units digit of t?
8
Suppose -3*v = -6*q + 61800, -2*q + 3*v - v = -20606. What is the units digit of q?
7
Let y = -226 + 216. What is the tens digit of (1 - y)/(129/126 - 1)?
6
Let g = -54 - -36. Let n be 12 + g - (-1 - 1). What is the units digit of (-6)/n + 4251/26?
5
Let c = -27281 + 34869. What is the tens digit of c?
8
Let y = -161 + 223. Suppose -4*l + 294 = -2*l. Suppose y = -4*k + 3*g + l, -60 = -3*k + g. What is the units digit of k?
9
Suppose 51*m + 115*m - 1910439 = -7*m. What is the ten thousands digit of m?
1
Suppose -7*l + 10*l = -267. Let i = 254 - l. What is the hundreds digit of i?
3
Let g be (-778)/(-5)*5/2. Suppose -2*u = r - 258, -3*u + g = 4*r - 2*r. Let o = 324 - u. What is the hundreds digit of o?
1
Suppose 154904 = 24*v - 20*v + o, -5*v + 4*o = -193588. What is the units digit of v?
4
Let q be 13264/(-34) - 34/(-289). What is the units digit of (q/91)/((-3)/35)?
0
Suppose 68*y + 48*y - 703952 = 100*y. What is the thousands digit of y?
3
Let w be 12 + -3 + 4/(16/12). Let v be 16/w + (-87)/(-9). Let t = 14 - v. What is the units digit of t?
3
What is the tens digit of ((1 - -3658)*(-1)/3)/((-441)/2646)?
1
What is the units digit of (1 - (0 + -4)/(-3 + 5)) + 4160?
3
Suppose -3*b - 30474 = -2*g, 2*g = -b + 37713 - 7215. What is the hundreds digit of g?
2
Suppose -15*v = 7*v + 6*v - 272496. What is the units digit of v?
2
Let y be ((-5)/10)/(((-21)/(-30))/(-7)). Let i = y - 0. Suppose i*k - 215 = 215. What is the tens digit of k?
8
Suppose 4*z - 51961 = -5*v, 20797 = 11*v - 9*v + 3*z. What is the ten thousands digit of v?
1
Let r(f) = f - 24. Let o be r(5). Let t(l) = -8*l + 0*l + l**3 - 8*l + 17*l + 27 + 19*l**2. What is the units digit of t(o)?
8
Let w be ((-897)/182 - (-6)/14)*6. What is the units digit of (1926/15)/(w/(-90)) + 2?
0
Suppose 0 = 4*m - z - 1859 - 472, 4*m - 2322 = -2*z. Let y = m - 117. What is the tens digit of y?
6
Suppose 2*n = -3*f + 707, 3*n + 4 = -f + 235. Suppose 0 = -p + 383 + f. What is the units digit of p?
0
Suppose 183*a = 192*a - 2628. Let h = 499 - a. What is the tens digit of h?
0
Let n be ((-1)/((-4)/2))/((-2)/(-892)). Suppose 186 = 3*h + 3*u, -h + n = 3*h - u. Let i = -9 + h. What is the tens digit of i?
4
Suppose 0 = 3*q + r - 540, -4*q = -2*q - r - 360. Suppose 635 - q = 5*a. Let f = a - 70. What is the tens digit of f?
2
Let y(r) = r**3 + 11*r**2 + 20*r + 17. Let t be y(-9). What is the units digit of (-1 - 3/(-3)) + 413 + t?
2
What is the thousands digit of -9 + -4 - (-4144224)/112?
6
Let t(x) = 70*x**2 - 32*x + 158. What is the units digit of t(5)?
8
Let h = -103 + 106. Suppose -16 = -4*l, h*l = -s - 3*s + 1100. What is the tens digit of s?
7
Let a(m) = -m**3 + 9*m**2 - 19*m + 4. Let r be a(5). Suppose -3*s = r, 5*l + 2*s - 19 = -0. What is the tens digit of (-4 + l)/(-3 + 178/59)?
5
Suppose 59422 = 8*p + 11798. What is the hundreds digit of p?
9
Suppose -6*s + 3*c + 12 = -5*s, 0 = s + 2*c - 12. Suppose -14 = 13*j + s. What is the units digit of j/(-4)*-7*-2?
7
Suppose 5*x = 4*c - 45, -37*c + 33*c + 4*x = -40. Suppose -2*f + 3*d = -2039 + 99, -c*f = -4*d - 4843. What is the tens digit of f?
6
Let m = -382 - 630. Let b = -200 - m. What is the units digit of b?
2
Let m = 4 + -1. Let n(d) = -126*d**3 - 2*d + d - 23*d**m. What is the hundreds digit of n(-1)?
1
Suppose -x = g - 416, 5*g - 10 + 450 = x. What is the hundreds digit of (399/(-114))/((-2)/x)?
7
Let f(o) = 2*o**2 - 4*o + 37. Let x be f(0). Suppose -44*b = -x*b - 1869. What is the units digit of b?
7
Suppose -5*g = 4*j - 1010, -3*j - g - 200 = -963. Let k = j - -72. What is the units digit of k?
7
Let c(i) = 16*i + 49. Let h(q) = -8*q - 24. Let t(a) = 2*c(a) + 5*h(a). Let d be (-128)/10 - (-1 + (-6)/(-5)). What is the units digit of t(d)?
2
Let r(h) be the second derivative of -43*h**3/6 - 25*h**2/2 + 40*h. What is the units digit of r(-4)?
7
Let v(r) be the second derivative of -11*r**3/3 + 9*r**2 + r. Let i = 3405 + -3410. What is the units digit of v(i)?
8
Let w be ((-505)/25)/(-1)*(5 - 0). Let l = w - 97. Suppose x = -2*x + 4*p + 448, -2*x + l*p + 304 = 0. What is the units digit of x?
4
Suppose -10*h + 5*h + 35630 = 0. Suppose -7*w + 0*w + h = 0. What is the units digit of w?
8
What is the thousands digit of 9738 + -14*(-11)/(-77)?
9
Let x(s) = 1263*s - 1235. What is the ten thousands digit of x(12)?
1
Suppose 5*r - 69*a - 34757 = -65*a, -13913 = -2*r + 5*a. What is the hundreds digit of r?
9
Let r be 46/(-2*(-2)/(-2)). Let k be 1*(2 - (2 - -5)). Let c = k - r. What is the units digit of c?
8
Suppose 0*d - 5*z + 129 = 3*d, 3*d - 3*z - 153 = 0. Let j = d + 292. What is the tens digit of j?
4
Suppose 5*t = 2*s - 23912, -713*t + 712*t + 35817 = 3*s. What is the tens digit of s?
4
Suppose 42*x + 58440 = 102*x. What is the hundreds digit of x?
9
Suppose 583 = l - 6601. What is the units digit of l?
4
Let s be 1/((-3 - 184/(-62))/(-1)). Suppose -43 + s = -6*w. What is the units digit of 0 + 144 + w/2?
5
Let m = 582 + -582. Suppose m = 7*k - 4*k - 3*s - 3771, 0 = 5*k + s - 6255. What is the hundreds digit of k?
2
Let m(v) = 124*v. Let j be m(1). Let c(n) = 35*n + 1931. Let h be c(-54). Suppose d - h = j. What is the tens digit of d?
6
Let d = -197 - -201. Suppose -z + 6*z + 2*a = 5072, a + d = 0. What is the thousands digit of z?
1
Let a(c) = c**3 + 51*c**2 + 443*c + 52. What is the thousands digit of a(-30)?
5
Suppose 11*c + 106 = 13*c + 2*q, -2*c + 91 = -3*q. Let z be 94/14 - (-4)/14. What is the tens digit of (c - z) + 1/(3/(-6))?
4
Let s be (-114)/(-7) - (-6)/(-21). Let h be (s/12)/(-2*2/(-36)). Suppose -i - 409 = -4*x, h + 0 = 4*i. What is the hundreds digit of x?
1
Let d = 28 - 26. Suppose d*o = -4*c - 21 + 55, -83 = -4*o - 3*c. Suppose o*l - 59 = 22*l. What is the units digit of l?
9
Let q(m) = -50*m**3 + 2*m**2 - 5*m + 3. Let p be q(2). Let d = 1225 + p. What is the hundreds digit of 5 - (-35)/(-10) - d/(-4)?
2
Suppose -131*w + 2047155 + 1761645 = 145*w. What is the ten thousands digit of w?
1
Let m = -287 - -308. Suppose 5492 = m*i - 6478. What is the hundreds digit of i?
5
Let h = -832 + 696. Let q = h + 811. What is the hundreds digit of q?
6
Let i be 2/((-49)/50 + 1). Let u be (-1 + 4 + -5)/1*2. What is the units digit of -2 - ((u - 0) + (0 - i))?
2
Suppose -7477*z + 7487*z - 154560 = 0. What is the thousands digit of z?
5
Let x = 239 - 238. Let v(n) = 229*n**3 - n**2 - 1. What is the hundreds digit of v(x)?
2
Suppose -7345*i + 7350*i - 121015 = 0. What is the